mainder when 12486 is divided by 2494.
16
Calculate the remainder when 614 is divided by 39.
29
What is the remainder when 8671 is divided by 113?
83
Calculate the remainder when 826041 is divided by 9718.
11
What is the remainder when 8892 is divided by 115?
37
What is the remainder when 66968 is divided by 66963?
5
What is the remainder when 16404 is divided by 429?
102
What is the remainder when 2770 is divided by 713?
631
What is the remainder when 526 is divided by 221?
84
Calculate the remainder when 4373 is divided by 70.
33
What is the remainder when 19845 is divided by 6535?
240
What is the remainder when 5346767 is divided by 56?
55
What is the remainder when 140247 is divided by 35057?
19
What is the remainder when 14621 is divided by 28?
5
Calculate the remainder when 406213 is divided by 857.
852
What is the remainder when 42860 is divided by 13?
12
Calculate the remainder when 20696 is divided by 50.
46
What is the remainder when 98286 is divided by 32759?
9
Calculate the remainder when 9732 is divided by 4863.
6
Calculate the remainder when 2405 is divided by 1705.
700
What is the remainder when 328099 is divided by 1055?
1049
Calculate the remainder when 1050 is divided by 227.
142
What is the remainder when 77588 is divided by 606?
20
What is the remainder when 6850 is divided by 49?
39
What is the remainder when 60973 is divided by 4687?
42
Calculate the remainder when 25135 is divided by 808.
87
Calculate the remainder when 44719 is divided by 647.
76
What is the remainder when 791 is divided by 16?
7
What is the remainder when 333573 is divided by 166779?
15
Calculate the remainder when 17356 is divided by 176.
108
What is the remainder when 2086149 is divided by 25?
24
Calculate the remainder when 662606 is divided by 1108.
22
What is the remainder when 580065 is divided by 374?
365
What is the remainder when 4886 is divided by 482?
66
What is the remainder when 2890 is divided by 950?
40
Calculate the remainder when 1615 is divided by 147.
145
What is the remainder when 14962 is divided by 174?
172
What is the remainder when 59809 is divided by 18?
13
Calculate the remainder when 1856 is divided by 926.
4
What is the remainder when 101909 is divided by 50931?
47
What is the remainder when 2614 is divided by 645?
34
What is the remainder when 4484 is divided by 635?
39
What is the remainder when 59594 is divided by 1806?
1802
What is the remainder when 18458 is divided by 130?
128
Calculate the remainder when 15213 is divided by 85.
83
Calculate the remainder when 29942 is divided by 651.
647
What is the remainder when 974 is divided by 445?
84
Calculate the remainder when 225363 is divided by 547.
546
Calculate the remainder when 231370 is divided by 1024.
970
Calculate the remainder when 186957 is divided by 120.
117
Calculate the remainder when 47879 is divided by 120.
119
Calculate the remainder when 13439 is divided by 56.
55
Calculate the remainder when 4660 is divided by 3.
1
What is the remainder when 160812 is divided by 6697?
84
What is the remainder when 152444 is divided by 17?
5
What is the remainder when 168949 is divided by 283?
281
What is the remainder when 5519 is divided by 1093?
54
What is the remainder when 218678 is divided by 351?
5
What is the remainder when 2779 is divided by 105?
49
Calculate the remainder when 19228 is divided by 4773.
136
What is the remainder when 84243 is divided by 35?
33
Calculate the remainder when 5302 is divided by 915.
727
What is the remainder when 5576 is divided by 84?
32
Calculate the remainder when 33940 is divided by 4.
0
What is the remainder when 4294 is divided by 705?
64
What is the remainder when 100975 is divided by 34?
29
Calculate the remainder when 614450 is divided by 29.
27
What is the remainder when 4837 is divided by 594?
85
What is the remainder when 3948 is divided by 1930?
88
Calculate the remainder when 2902 is divided by 61.
35
What is the remainder when 25058 is divided by 12492?
74
Calculate the remainder when 8614 is divided by 3269.
2076
Calculate the remainder when 1542120 is divided by 346.
344
Calculate the remainder when 425 is divided by 206.
13
Calculate the remainder when 1480 is divided by 480.
40
Calculate the remainder when 1247741 is divided by 113.
108
Calculate the remainder when 760 is divided by 507.
253
Calculate the remainder when 5639 is divided by 2816.
7
Calculate the remainder when 2844 is divided by 254.
50
What is the remainder when 137835 is divided by 137813?
22
What is the remainder when 16164 is divided by 26?
18
Calculate the remainder when 5766 is divided by 111.
105
Calculate the remainder when 235207 is divided by 279.
10
What is the remainder when 614829 is divided by 43?
15
Calculate the remainder when 2107 is divided by 520.
27
Calculate the remainder when 264774 is divided by 988.
978
Calculate the remainder when 8938 is divided by 1488.
10
Calculate the remainder when 148 is divided by 122.
26
What is the remainder when 1282 is divided by 258?
250
What is the remainder when 4777 is divided by 479?
466
Calculate the remainder when 26140 is divided by 5228.
0
What is the remainder when 28731 is divided by 43?
7
Calculate the remainder when 3176 is divided by 1579.
18
What is the remainder when 14243 is divided by 1030?
853
Calculate the remainder when 27983 is divided by 75.
8
What is the remainder when 56763 is divided by 203?
126
What is the remainder when 97682 is divided by 36?
14
Calculate the remainder when 6633 is divided by 496.
185
What is the remainder when 13741 is divided by 24?
13
Calculate the remainder when 66277 is divided by 433.
28
Calculate the remainder when 3599 is divided by 10.
9
Calculate the remainder when 2829 is divided by 1117.
595
Calculate the remainder when 35323 is divided by 29.
1
Calculate the remainder when 127925 is divided by 618.
617
What is the remainder when 3592 is divided by 180?
172
What is the remainder when 7244 is divided by 213?
2
Calculate the remainder when 82465 is divided by 20612.
17
Calculate the remainder when 84260 is divided by 20.
0
Calculate the remainder when 9151 is divided by 52.
51
Calculate the remainder when 2016 is divided by 18.
0
Calculate the remainder when 130062 is divided by 97.
82
What is the remainder when 11993277 is divided by 130?
127
What is the remainder when 52775 is divided by 24?
23
Calculate the remainder when 20077 is divided by 300.
277
What is the remainder when 2914 is divided by 580?
14
Calculate the remainder when 65194 is divided by 14.
10
Calculate the remainder when 3601 is divided by 1778.
45
Calculate the remainder when 2503172 is divided by 361.
359
Calculate the remainder when 342612 is divided by 67.
41
What is the remainder when 6517 is divided by 6484?
33
Calculate the remainder when 1767 is divided by 878.
11
Calculate the remainder when 850978 is divided by 390.
388
Calculate the remainder when 197436 is divided by 27.
12
Calculate the remainder when 18887 is divided by 4720.
7
What is the remainder when 1154 is divided by 629?
525
What is the remainder when 198058 is divided by 1467?
13
What is the remainder when 70194 is divided by 336?
306
What is the remainder when 80905 is divided by 155?
150
What is the remainder when 4845 is divided by 63?
57
Calculate the remainder when 4250 is divided by 5.
0
Calculate the remainder when 3913 is divided by 1520.
873
Calculate the remainder when 717177 is divided by 132.
21
Calculate the remainder when 45649 is divided by 171.
163
What is the remainder when 30964 is divided by 755?
9
Calculate the remainder when 1860 is divided by 929.
2
Calculate the remainder when 15755 is divided by 30.
5
Calculate the remainder when 155662 is divided by 23.
21
Calculate the remainder when 5070 is divided by 551.
111
What is the remainder when 16035 is divided by 684?
303
What is the remainder when 222073 is divided by 284?
269
What is the remainder when 70235 is divided by 6991?
325
Calculate the remainder when 6001 is divided by 355.
321
What is the remainder when 35881 is divided by 101?
26
Calculate the remainder when 2101 is divided by 412.
41
What is the remainder when 3700 is divided by 482?
326
What is the remainder when 1822 is divided by 153?
139
Calculate the remainder